he greatest common divisor of 15 and 56073?
3
Calculate the highest common divisor of 188 and 2084.
4
Calculate the highest common factor of 3224 and 21762.
806
What is the highest common factor of 3297 and 63?
21
What is the highest common factor of 30464 and 7140?
476
Calculate the highest common divisor of 124 and 234794.
62
What is the highest common divisor of 338 and 244738?
26
What is the greatest common divisor of 80 and 11790?
10
What is the greatest common divisor of 870 and 19?
1
Calculate the highest common factor of 5137 and 3113.
11
What is the highest common factor of 114 and 3708762?
114
What is the highest common factor of 7624 and 272?
8
Calculate the highest common factor of 58 and 466.
2
What is the greatest common factor of 2050 and 1394?
82
Calculate the greatest common divisor of 486044 and 884.
52
Calculate the highest common divisor of 551 and 279357.
551
What is the greatest common divisor of 11 and 591041?
11
Calculate the greatest common divisor of 56 and 236663.
7
What is the greatest common factor of 5425 and 2555?
35
What is the greatest common divisor of 84637 and 107?
107
What is the greatest common divisor of 12 and 5276?
4
Calculate the highest common factor of 4953 and 117.
39
Calculate the greatest common divisor of 361488 and 34.
34
Calculate the greatest common factor of 18044 and 520.
52
What is the greatest common divisor of 151260 and 30?
30
What is the highest common divisor of 23679 and 5238?
27
What is the highest common divisor of 376882 and 962?
74
Calculate the highest common factor of 76009 and 116.
29
What is the highest common factor of 178254 and 918?
54
Calculate the greatest common divisor of 1412274 and 27079.
2083
What is the greatest common divisor of 6492402 and 3332?
1666
What is the highest common divisor of 848 and 3280?
16
Calculate the greatest common factor of 3921175 and 4682.
2341
Calculate the highest common divisor of 2562 and 54534.
366
What is the greatest common factor of 31 and 26474?
31
What is the highest common divisor of 653 and 1312?
1
What is the highest common divisor of 51219 and 229537?
1897
What is the highest common factor of 130438 and 2695?
539
Calculate the highest common divisor of 100 and 104180.
20
Calculate the greatest common factor of 14 and 254254.
14
Calculate the highest common factor of 468 and 1175382.
234
Calculate the highest common divisor of 1131 and 62673.
39
What is the highest common factor of 94056 and 72?
24
What is the highest common divisor of 30 and 3712215?
15
Calculate the highest common factor of 104 and 1266161.
13
What is the highest common factor of 270588 and 12?
12
Calculate the greatest common factor of 7064 and 212.
4
What is the highest common divisor of 74661 and 246?
123
What is the greatest common factor of 2712 and 152550?
678
What is the greatest common factor of 12920 and 2096?
8
What is the highest common factor of 24 and 90012?
12
Calculate the highest common divisor of 56238 and 22659.
273
What is the highest common factor of 18 and 1846233?
9
What is the highest common divisor of 9752 and 200?
8
What is the highest common factor of 52683 and 255?
51
What is the highest common divisor of 760 and 11210?
190
Calculate the greatest common factor of 275624 and 7991.
131
Calculate the highest common factor of 5654 and 5280.
22
Calculate the greatest common factor of 16475 and 1550.
25
What is the highest common factor of 11058 and 192?
6
Calculate the greatest common factor of 57 and 698573.
19
Calculate the highest common factor of 44891 and 60137.
847
What is the highest common factor of 1 and 29354?
1
Calculate the highest common factor of 74 and 5722.
2
What is the highest common divisor of 10505 and 253?
11
Calculate the greatest common factor of 59928 and 1056.
264
Calculate the greatest common factor of 414 and 23690.
46
What is the greatest common factor of 22 and 178310?
22
What is the highest common divisor of 2084 and 801298?
1042
Calculate the greatest common factor of 37 and 24124.
37
What is the greatest common factor of 48 and 92928?
48
What is the highest common divisor of 1 and 210752?
1
Calculate the highest common factor of 17324 and 42032.
284
What is the greatest common divisor of 420 and 120036?
84
What is the greatest common factor of 1918 and 3178?
14
What is the highest common factor of 328 and 25420?
164
What is the highest common divisor of 806814 and 9648?
1206
What is the highest common divisor of 34 and 389878?
34
Calculate the greatest common factor of 8205 and 2205.
15
What is the greatest common divisor of 10 and 353344?
2
Calculate the highest common divisor of 25992 and 3528.
72
Calculate the greatest common divisor of 463551 and 726.
363
Calculate the highest common factor of 16780 and 180.
20
What is the highest common divisor of 261 and 14702130?
261
Calculate the highest common factor of 16421050 and 50.
50
Calculate the highest common factor of 1611 and 666.
9
Calculate the greatest common divisor of 716473 and 23.
23
What is the greatest common factor of 6681 and 34527?
51
What is the highest common factor of 12 and 5670?
6
Calculate the highest common divisor of 816 and 32793.
51
What is the highest common factor of 61146 and 4014?
18
Calculate the highest common factor of 32158 and 2632.
14
Calculate the greatest common divisor of 1794 and 29562.
78
What is the highest common factor of 4921600 and 2307?
769
What is the greatest common divisor of 658021 and 5165?
1033
What is the highest common factor of 45066 and 549318?
1218
What is the highest common divisor of 9150 and 12322?
122
Calculate the highest common factor of 1771425 and 225.
225
What is the highest common factor of 12504 and 56?
8
Calculate the greatest common divisor of 5733503 and 422.
211
Calculate the highest common factor of 10024 and 2327.
179
What is the greatest common factor of 104540 and 20?
20
Calculate the highest common divisor of 96633 and 1620.
81
What is the highest common factor of 4472 and 312?
104
What is the greatest common factor of 207 and 48231?
207
Calculate the highest common divisor of 46143 and 432.
27
Calculate the highest common factor of 59304 and 840.
168
What is the greatest common factor of 1026 and 1842?
6
Calculate the highest common divisor of 465 and 93480.
15
Calculate the greatest common divisor of 481 and 1891292.
481
Calculate the greatest common factor of 9565550 and 190.
190
What is the highest common factor of 24 and 1468692?
12
What is the highest common divisor of 144 and 255168?
144
What is the highest common factor of 242044 and 88?
44
What is the greatest common factor of 2465489 and 13?
13
What is the greatest common divisor of 10308 and 14844?
12
Calculate the greatest common factor of 21 and 164199.
21
What is the highest common divisor of 930 and 1335?
15
Calculate the highest common factor of 816 and 17408.
272
What is the greatest common divisor of 3432 and 53469?
39
What is the greatest common divisor of 6860 and 9100?
140
Calculate the greatest common divisor of 4032 and 63.
63
What is the highest common divisor of 177 and 825351?
177
What is the greatest common divisor of 76800 and 288?
96
What is the highest common factor of 6072 and 13596?
132
What is the highest common factor of 426865 and 45?
5
What is the highest common factor of 2468 and 20017948?
2468
What is the greatest common divisor of 158 and 165821?
79
What is the greatest common divisor of 63 and 52815?
21
What is the greatest common divisor of 65 and 100646?
13
Calculate the highest common divisor of 19500 and 455.
65
What is the highest common factor of 105345 and 1845?
45
Calculate the greatest common divisor of 6061 and 45298.
319
Calculate the highest common divisor of 15141 and 1029.
147
What is the highest common factor of 7245 and 80255?
35
What is the greatest common divisor of 452 and 8460988?
452
Calculate the greatest common factor of 646 and 23953.
17
Calculate the highest common divisor of 710875 and 825.
275
What is the greatest common factor of 172190 and 4288?
134
Calculate the highest common factor of 113784 and 99.
33
Calculate the greatest common factor of 2867 and 26837.
47
What is the highest common factor of 6928 and 1040?
16
What is the greatest common divisor of 8082